te n(o).
-4
Let z(c) = c**3 - 10*c**2 - c - 3. Let r be 2/(-11) + -5 + 1336/88. What is z(r)?
-13
Let s be (-36)/(-3)*2/4. Let j(a) be the third derivative of a**5/60 - a**4/4 - a**3/3 + a**2 + 90*a. Calculate j(s).
-2
Suppose g = -27 + 24. Let n(p) be the second derivative of p**5/20 + p**4/12 - 2*p**3/3 - 2*p**2 - 4*p. Determine n(g).
-10
Let f be -14*(-3)/(-6) - (-4 + 8 - 11). Let b(v) be the first derivative of -1/3*v**3 - 1/4*v**4 - 1/2*v**2 + 1 - 5*v. Give b(f).
-5
Let f(y) = y**2 - y - 21. Let q be f(5). Let i(w) = 6*w + 3. What is i(q)?
-3
Let q(u) = -13*u + 3. Suppose -3*x + 2 = -2*l - 5*x, 16 = 4*l - x. What is q(l)?
-36
Let t(u) = 4*u + 5. Let d be (-12*2/(-4))/(-1 - 0). What is t(d)?
-19
Let l(g) = -3*g**2 - g. Let z be l(-1). Let w(d) = -3*d**2 - 5*d - 2*d**3 + 102 - 105 + 3*d. What is w(z)?
5
Let s(x) = 22*x**3 + x**2 + x - 1. Let o(w) = w**2 - 9*w + 1. Let y be o(9). Calculate s(y).
23
Suppose -4*o - 4 = -2*s, 2*o - s = s - 4. Let l be o - ((3 - 0) + 3). Let d(x) = x**2 + 5*x - 5. Determine d(l).
1
Let x(w) be the second derivative of -8*w**3/3 + w**2/2 - 34*w. Determine x(-1).
17
Let l(y) be the third derivative of -y**4/24 + y**3/6 + 2*y**2 + 9*y. Calculate l(6).
-5
Let w = -2 + 1. Let k(i) be the second derivative of 5*i**3/6 - i**2/2 + 2067*i. Calculate k(w).
-6
Let u be 0 + (-3 - -2 - -2). Let n be (-10)/(-4) + 11/(-22). Let c(t) = 1 + 2 - 4 - 5*t**2 + t + 11*t**n. What is c(u)?
6
Let n(t) = -5*t**2 + 9*t - 11. Let z(v) = -21*v**2 + 35*v - 42. Let f(m) = -11*n(m) + 3*z(m). What is f(1)?
-7
Suppose 5*c - 25 = -4*x, 2*x = 2*c - 7*c + 15. Let o(i) = 5*i**2 + 3*i. Let b(g) = -7*g**2 - 3*g. Let d(w) = 3*b(w) + 4*o(w). Determine d(x).
-10
Let d(x) = 2*x + 4*x + 6*x. Let c = -43 + 42. Determine d(c).
-12
Suppose -4*m + 3*u - 1 = 0, -2*u - 5 = -5*m + 3*u. Let h(t) = t**2 + t + 5. Calculate h(m).
17
Let m(l) be the second derivative of -l**8/1344 + l**7/2520 + l**6/720 - 13*l**4/12 - 20*l. Let r(n) be the third derivative of m(n). Calculate r(-1).
5
Let t(c) = -2*c + 12. Let p be t(-9). Suppose -3*a - 39 = 5*w, 4*w - 4*a + 6*a + p = 0. Let x(k) = -k**2 - 6*k - 4. Calculate x(w).
-4
Suppose f - 2 = 2*f. Let t(i) = 2*i - 7. Let k(q) = -6*q + 15. Let b(y) = -4*k(y) - 9*t(y). Determine b(f).
-9
Let v = 0 + 3. Let k(s) = 8*s - 27. Let b be k(24). Let i(x) = 160*x**2 + 2*x**3 - x**3 + 5*x - 3 - b*x**2 + 0*x. What is i(v)?
-6
Let n be ((-12)/(-15))/(4/10). Let u be n*9/6*-1. Let w(c) = c**2 + 4*c - 3. Calculate w(u).
-6
Let u(x) = x**2 - 11*x - 2. Suppose -43*d = 326 - 670. Determine u(d).
-26
Let p(v) = -v**3 - 3*v**2 + 4 - v**3 - 3*v - 7. Let m be (-1276)/(-232)*4/(-11). Give p(m).
7
Suppose -1 - 8 = -3*p. Suppose -p*d + 28 = -y - y, -4*y + 5*d = 52. Let v(o) be the first derivative of -o**4/4 - 3*o**3 - 9*o**2/2 - 9*o - 101. What is v(y)?
-1
Let k be (-14)/(-21) + 70/(-6). Let t = k + 11. Let b(a) = 3*a + t*a + 2 - 4. Determine b(3).
7
Let w(c) = 2*c + 6. Let y(x) = -3*x - 5. Let k(s) = s - 1. Let a be k(2). Suppose 11 = 3*t - a. Let b(i) = t*w(i) + 3*y(i). Calculate b(0).
9
Let f(l) = 3*l - 33. Let y(o) = o - 11. Let k(h) = 2*f(h) - 7*y(h). Give k(4).
7
Suppose 12*x + 9*x - 4*x + 102 = 0. Let u(s) be the third derivative of s**5/60 + 7*s**4/24 + 3*s**3/2 + 2*s**2. What is u(x)?
3
Let o(g) be the third derivative of g**6/24 + g**5/20 - g**4/12 - 2*g**3/3 + 4*g**2. Let c(t) = -t**3 - t. Let b(a) = -4*c(a) - o(a). Calculate b(-4).
-4
Let m(w) be the first derivative of w**4/12 + 7*w**3/6 - w**2/2 + 7*w + 25. Let j(i) be the first derivative of m(i). Determine j(-5).
-11
Let k(p) = 7*p - p**2 + 274 - 274. Let i = 2 + -2. Suppose -5*h - 4*u + 26 = -0*h, i = h - u - 7. Determine k(h).
6
Let s(v) = 2*v + 3. Suppose 2*r - 4 = r. Let m be 2/(-4)*8/(-2). Suppose -m*x - r = -x. Give s(x).
-5
Let n(l) = 6*l + 1 + 5*l - 9*l + 0*l. Let j = -5 + -1. Let r(c) = c**3 + 6*c**2 + 2. Let w be r(j). Determine n(w).
5
Let f(i) = -23*i. Let p(k) = 72*k + 1. Let c(t) = 7*f(t) + 2*p(t). Calculate c(-1).
19
Suppose 0*g = g - 2*f + 4, 0 = 4*g + 2*f + 36. Let h = g + 10. Suppose 2*l = -8, -4*t = -0*t + h*l. Let x(d) = 2*d - 3. Determine x(t).
1
Let l(q) be the third derivative of q**4/24 + 4*q**3/3 - 112*q**2. Give l(-3).
5
Let p(c) = 8*c. Let v = 41 - 39. Let j be 1 - (-2 + v + 2). Give p(j).
-8
Let u(f) = 5*f - 1. Let p(s) = -14*s + 3. Let m(o) = -4*p(o) - 11*u(o). Suppose -9*b - 7 = -25. Let k be m(b). Let j(i) = -5*i**2 + i - 1. Give j(k).
-5
Let p(k) = -k**2 - k - 5. Let b be p(0). Let t(n) be the first derivative of -5/2*n**2 - 2/3*n**3 + 7*n + 12. Calculate t(b).
-18
Let y(a) = -3*a - 6. Let z be y(-6). Let n be (-6)/z*1*-8. Let m(s) = -2 + 2 - 2*s + 4. What is m(n)?
-4
Let b = -3 + 6. Let c(u) = 0 - u**b - 1 + 7*u**2 - 4*u**2. Let q = 11 + -8. Determine c(q).
-1
Let f(t) = -t**2 - 159*t + 484. Let z be f(3). Let q(g) = g**3 + 3*g**2 + 3*g + 5. Calculate q(z).
3
Let s(c) = c**3 - 4*c**2 - 6. Let r(v) = -v**2 + 20*v + 389. Let h be r(-12). Calculate s(h).
19
Suppose -3*q = -2*q + 5. Let l be (-6)/15 - 32/q. Let f = 6 - l. Let g(x) = -x**2 + 8. Give g(f).
8
Let l(k) = -k**3 + 8*k**2 - 8*k + 4. Let a(d) = 3*d**2 - 3*d + 1. Let v be a(2). Let i be l(v). Let c be 4/(-16) - i/12. Let s(p) = p + 12. Determine s(c).
12
Let o = -48 - -52. Suppose -4*k - 24 = -2*g, 8*g - 6 = k + o*g. Let w(n) = n**2 + 9*n + 7. Give w(k).
-11
Let z(i) = 2*i - 60. Let k be z(25). Let d(s) = -s**3 - 11*s**2 - 11*s - 1. What is d(k)?
9
Let v(x) = 3*x**2 - x + 7. Let g(p) = -14*p**2 + 4*p - 29. Let z(h) = 2*g(h) + 9*v(h). Determine z(0).
5
Let t(s) = s - 3. Suppose -9 = -2*a - d, -2*d + 24 = 2*a + 2*d. Suppose a*z = -r + 14, z = 2*z - r - 1. Calculate t(z).
2
Let v(j) = -j**3 - 6*j**2 - 3*j. Let a = 113 - 115. Determine v(a).
-10
Let m(t) = -59*t - 1237. Let x be m(-21). Let n(d) = -d**3 - 2*d**2 + d + 1. Calculate n(x).
-13
Let b(q) = -4*q - 16. Let t(x) = 2*x + 9. Let u(i) = 6*b(i) + 11*t(i). Determine u(-4).
11
Let u(q) = q**3 - 5*q**2 - q + 3. Let x = 19 + -16. Suppose -h + 0*h + x = 0. Suppose 14 = h*n - 1. Determine u(n).
-2
Let d(r) = 74*r - 76*r + 7 + r. Let n be 1/(1 + 5/(-6)). Determine d(n).
1
Let i(p) be the first derivative of -7 - 9*p + 1/2*p**2. Determine i(-7).
-16
Let f(u) = -u**2 + 3*u + 5. Let g(o) = o**2 - 2*o - 5. Let p(b) = -7*f(b) - 6*g(b). Calculate p(6).
-23
Suppose -4 = -2*r + 3*u + 3, 4*u = 4. Let b(m) = m - 1. Let l be b(r). Let v = 7 - l. Let f(j) = 2*j**2 - 4*j - 1. What is f(v)?
5
Let d be (20 - 16)/((0 - -1) + -3). Let t be 5 + (10 - d)/3. Let i(k) = k**3 - 8*k**2 - 10*k - 3. What is i(t)?
-12
Let b be 1 - 6/(-1 + -1). Let w(i) = 647 + 5*i - i**2 - 646 + 0*i. Give w(b).
5
Let t(w) = w + 2. Suppose 61 = -3*a + 4*b, -13*b + 34 = -2*a - 17*b. Let x = -13 - 1. Let g = x - a. Give t(g).
7
Suppose 34*v = 1204 - 422. Let a(u) = u**3 - 23*u**2 + 5. What is a(v)?
5
Let g(f) = f - 3. Let p(r) = r. Let t be p(0). Suppose h + t = 2. Suppose -h = -d + 4. What is g(d)?
3
Let v(x) = -25*x**2 + 3*x + 4 - 24*x**2 + 79*x**2 - 31*x**2. Determine v(-2).
-6
Let i(k) = 4*k**2 - 7*k - 9. Let a(b) = -2*b**2 + 3*b + 4. Let j(l) = 7*a(l) + 3*i(l). Suppose -f + 4 = 3*f. What is j(f)?
-1
Let i(u) = 22 - 5 + 4*u - 5 - 10 - 5. Let q(r) = 2*r - 6. Let s be q(5). Calculate i(s).
13
Let s = 17 - 4. Let z = -19 + s. Let a(c) = -c - 4*c + 3*c - 9. Determine a(z).
3
Let t(o) = o**2 - 3*o. Suppose -5*z - 2*q = -q + 245, -3*z = 4*q + 164. Let x = z + 50. Give t(x).
-2
Let u(q) = q - 2. Let i be u(4). Let c(o) = -i*o**2 - 3*o**3 + 11*o**3 - 6*o**3 - o - 3*o**3 - 2. Give c(-2).
0
Suppose h + 4 = -3*h. Let t(j) = -j. Let o(v) = -2. Let g(d) = h*t(d) - o(d). Suppose 0 = -2*b - 4, 9 = -x + 2*x - 3*b. Give g(x).
5
Let k(n) be the first derivative of n**4/4 + 3*n**3 + 9*n**2/2 + 11*n - 47. Give k(-8).
3
Let a(r) = -5*r**2 - r**2 + 11*r**2 + 1 + 0 + 2*r**2. Determine a(-1).
8
Let c(m) = -2*m**2 - 18*m + 9. Let l be c(-9). Suppose -11*q - 13 - l = 0. Let r(d) = -d**3 - 3*d**2 + d. Calculate r(q).
-6
Let n(b) = -6*b + 5. Let h(q) = 25*q - 20. Let g(u) = -2*h(u) - 9*n(u). Let w(p) = p - 1. Let d(j) = g(j) - 6*w(j). Give d(4).
-7
Let u(l) = -38*l**2 + 37*l**2 - 17 - 5. Give u(0).
-22
Let m = -7 - -10. Let u(b) = -4*b - 2. Let v be u(-1). Let l(h) = -2*h**v - 2*h**2 - 72 + 74 + 2*h + 3*h**2. Determine